der when 13297 is divided by 143?
141
What is the remainder when 26 is divided by 5?
1
What is the remainder when 191 is divided by 81?
29
What is the remainder when 116 is divided by 7?
4
What is the remainder when 589 is divided by 66?
61
Calculate the remainder when 275 is divided by 56.
51
Calculate the remainder when 3178 is divided by 96.
10
Calculate the remainder when 208 is divided by 19.
18
Calculate the remainder when 159 is divided by 61.
37
Calculate the remainder when 53 is divided by 18.
17
What is the remainder when 6158 is divided by 5?
3
What is the remainder when 13607 is divided by 54?
53
Calculate the remainder when 118 is divided by 63.
55
What is the remainder when 640 is divided by 23?
19
Calculate the remainder when 508 is divided by 255.
253
Calculate the remainder when 3648 is divided by 28.
8
Calculate the remainder when 142 is divided by 8.
6
What is the remainder when 52 is divided by 9?
7
What is the remainder when 1496 is divided by 8?
0
What is the remainder when 324 is divided by 8?
4
Calculate the remainder when 982 is divided by 164.
162
What is the remainder when 62 is divided by 20?
2
Calculate the remainder when 54 is divided by 15.
9
Calculate the remainder when 58553 is divided by 35.
33
Calculate the remainder when 1802 is divided by 44.
42
Calculate the remainder when 2226 is divided by 17.
16
Calculate the remainder when 1867 is divided by 48.
43
What is the remainder when 212 is divided by 19?
3
What is the remainder when 1301 is divided by 156?
53
Calculate the remainder when 555 is divided by 75.
30
What is the remainder when 70 is divided by 37?
33
Calculate the remainder when 62 is divided by 3.
2
What is the remainder when 858 is divided by 851?
7
Calculate the remainder when 505 is divided by 30.
25
Calculate the remainder when 152 is divided by 17.
16
What is the remainder when 216 is divided by 62?
30
What is the remainder when 619 is divided by 223?
173
What is the remainder when 173 is divided by 170?
3
Calculate the remainder when 117 is divided by 24.
21
Calculate the remainder when 1907 is divided by 9.
8
What is the remainder when 1001 is divided by 329?
14
What is the remainder when 188 is divided by 89?
10
What is the remainder when 1257 is divided by 60?
57
Calculate the remainder when 203 is divided by 134.
69
What is the remainder when 185 is divided by 38?
33
What is the remainder when 477 is divided by 241?
236
Calculate the remainder when 108 is divided by 40.
28
What is the remainder when 56 is divided by 37?
19
What is the remainder when 915 is divided by 6?
3
Calculate the remainder when 286 is divided by 107.
72
What is the remainder when 341 is divided by 16?
5
Calculate the remainder when 172 is divided by 7.
4
What is the remainder when 1039 is divided by 210?
199
What is the remainder when 2417 is divided by 13?
12
What is the remainder when 2206 is divided by 12?
10
What is the remainder when 1393 is divided by 229?
19
Calculate the remainder when 119 is divided by 11.
9
Calculate the remainder when 267 is divided by 8.
3
What is the remainder when 93 is divided by 20?
13
Calculate the remainder when 330 is divided by 42.
36
Calculate the remainder when 188 is divided by 50.
38
What is the remainder when 140 is divided by 8?
4
Calculate the remainder when 415 is divided by 105.
100
What is the remainder when 1847 is divided by 27?
11
What is the remainder when 971 is divided by 928?
43
What is the remainder when 6658 is divided by 59?
50
What is the remainder when 3516 is divided by 23?
20
What is the remainder when 522 is divided by 15?
12
Calculate the remainder when 511 is divided by 9.
7
Calculate the remainder when 106 is divided by 11.
7
What is the remainder when 24 is divided by 16?
8
What is the remainder when 37 is divided by 18?
1
Calculate the remainder when 407 is divided by 69.
62
Calculate the remainder when 1773 is divided by 38.
25
Calculate the remainder when 2884 is divided by 6.
4
What is the remainder when 2123 is divided by 38?
33
Calculate the remainder when 605 is divided by 297.
11
What is the remainder when 1046 is divided by 8?
6
What is the remainder when 2908 is divided by 36?
28
What is the remainder when 680 is divided by 46?
36
What is the remainder when 573 is divided by 148?
129
What is the remainder when 279 is divided by 9?
0
Calculate the remainder when 719 is divided by 225.
44
Calculate the remainder when 74 is divided by 27.
20
What is the remainder when 43 is divided by 30?
13
Calculate the remainder when 54 is divided by 16.
6
Calculate the remainder when 198 is divided by 50.
48
Calculate the remainder when 534 is divided by 7.
2
Calculate the remainder when 433 is divided by 105.
13
Calculate the remainder when 585 is divided by 14.
11
Calculate the remainder when 124 is divided by 34.
22
Calculate the remainder when 795 is divided by 26.
15
Calculate the remainder when 10000 is divided by 10.
0
What is the remainder when 19 is divided by 13?
6
Calculate the remainder when 890 is divided by 11.
10
Calculate the remainder when 84 is divided by 9.
3
Calculate the remainder when 134 is divided by 47.
40
What is the remainder when 6343 is divided by 69?
64
What is the remainder when 10222 is divided by 142?
140
Calculate the remainder when 5766 is divided by 19.
9
Calculate the remainder when 1550 is divided by 1539.
11
What is the remainder when 462 is divided by 204?
54
What is the remainder when 388 is divided by 381?
7
Calculate the remainder when 255 is divided by 37.
33
Calculate the remainder when 217 is divided by 188.
29
What is the remainder when 182 is divided by 24?
14
Calculate the remainder when 24028 is divided by 16.
12
Calculate the remainder when 139 is divided by 21.
13
Calculate the remainder when 6990 is divided by 92.
90
What is the remainder when 165 is divided by 87?
78
What is the remainder when 482 is divided by 481?
1
What is the remainder when 3560 is divided by 18?
14
Calculate the remainder when 2357 is divided by 2356.
1
Calculate the remainder when 230 is divided by 106.
18
Calculate the remainder when 234 is divided by 46.
4
Calculate the remainder when 24 is divided by 3.
0
Calculate the remainder when 1476 is divided by 37.
33
Calculate the remainder when 53 is divided by 30.
23
What is the remainder when 852 is divided by 57?
54
What is the remainder when 6321 is divided by 62?
59
Calculate the remainder when 795 is divided by 133.
130
What is the remainder when 69 is divided by 25?
19
Calculate the remainder when 475 is divided by 54.
43
Calculate the remainder when 4612 is divided by 65.
62
What is the remainder when 1103 is divided by 26?
11
Calculate the remainder when 2697 is divided by 1344.
9
What is the remainder when 261 is divided by 32?
5
Calculate the remainder when 107 is divided by 11.
8
What is the remainder when 1573 is divided by 75?
73
What is the remainder when 55 is divided by 19?
17
What is the remainder when 1651 is divided by 409?
15
Calculate the remainder when 5874 is divided by 5.
4
Calculate the remainder when 256 is divided by 50.
6
What is the remainder when 241 is divided by 141?
100
What is the remainder when 473 is divided by 81?
68
Calculate the remainder when 325 is divided by 39.
13
Calculate the remainder when 73 is divided by 68.
5
What is the remainder when 40 is divided by 10?
0
What is the remainder when 3234 is divided by 135?
129
Calculate the remainder when 116 is divided by 39.
38
What is the remainder when 518 is divided by 104?
102
Calculate the remainder when 621 is divided by 8.
5
What is the remainder when 269 is divided by 54?
53
Calculate the remainder when 365 is divided by 41.
37
Calculate the remainder when 39 is divided by 25.
14
Calculate the remainder when 1043 is divided by 30.
23
Calculate the remainder when 507 is divided by 501.
6
Calculate the remainder when 1580 is divided by 317.
312
Calculate the remainder when 10247 is divided by 61.
60
Calculate the remainder when 62 is divided by 43.
19
Calculate the remainder when 377 is divided by 186.
5
What is the remainder when 1751 is divided by 45?
41
What is the remainder when 3013 is divided by 45?
43
What is the remainder when 91 is divided by 91?
0
Calculate the remainder when 1